 6*a + 158 = 0, -4*a = 4*p - 6*p + 58. Suppose 5 = 3*m - 2*m, 0 = -h + 3*m + 55. Calculate the highest common divisor of p and h.
35
Let z(m) = -18*m - 2. Let w be z(3). Let h = w + 73. Let d be (-536)/(-4) - (-3 + 1). Calculate the greatest common divisor of d and h.
17
Suppose -6*f = -4*f + 50. Suppose 0 = -418*w + 463*w - 450. Let j be (-10)/f - (-106)/w. Calculate the highest common divisor of 11 and j.
11
Suppose -2533*u + 2511*u + 1848 = 0. What is the greatest common divisor of u and 483?
21
Let d = -115 - -113. Let q(z) = -7*z**3 + z**2 + 3*z + 4. Let p be q(d). What is the greatest common factor of p and 58?
58
Let s = -28 + -22. Suppose f = -3*c + 84, 2*c - 2 - 2 = 0. Let n = f + s. What is the highest common divisor of n and 7?
7
Suppose -21*y + 18*y - 2 = -x, y + 14 = 3*x. Suppose -x*i = -119 + 89. Calculate the greatest common divisor of i and 42.
6
Let t = -288 - -932. Suppose -t + 1164 = 2*f. What is the highest common divisor of f and 20?
20
Let a(m) = 17*m - 2. Let q be a(6). Let f(t) = -t**3 - 318*t**2 - 921*t + 7576. Let u be f(-315). Calculate the highest common divisor of u and q.
4
Let k = -4976 - -5006. What is the greatest common divisor of k and 1152?
6
Let f be ((-2230)/20)/(7/(-28)). Calculate the greatest common factor of f and 13603.
223
Let i(w) be the second derivative of -8*w**3/3 - 176*w**2 + 79*w. Let m be i(-23). Calculate the greatest common factor of 28 and m.
4
Let d(h) = -6*h - 25. Let s be d(-6). Suppose -s*v + 1402 - 181 = 0. Calculate the greatest common divisor of v and 37.
37
Let l = 2507 - 2478. What is the greatest common divisor of 1073 and l?
29
Let x be ((-40)/14)/((-72)/63 + 1). Calculate the greatest common divisor of x and 1620.
20
Suppose -3*k + 2*z + 18 = -27, -4*z = -2*k + 30. Suppose 20*x = k*x + 255. Calculate the highest common factor of x and 17.
17
Suppose 0 = -38*v + 4878 + 8070 + 9396. What is the greatest common divisor of v and 1344?
84
Suppose 3*j = -4*d - 229, 0 = 3*j - 5*j - 5*d - 148. Let s = j - -104. Suppose -q + 6*q = 375. Calculate the greatest common divisor of s and q.
25
Let f be 1029/3773 - 8090/(-22). Suppose 0 = -4*y + 20, -127 = -5*w + y + 98. Calculate the highest common divisor of w and f.
46
Let m = 667 - 650. Let x(q) = q**3 - 15*q**2 - 21*q - 45. Let o be x(m). Let k(p) = 22*p. Let u be k(2). What is the greatest common divisor of o and u?
44
Suppose 3*a - 337 = -52. Suppose -12*c + 146 = -1234. Let b be c/23 - -11*3. What is the highest common factor of a and b?
19
Suppose -10*f + 22 = -5*f + 4*p, 0 = 4*f - 5*p - 34. Let m be (-30)/(-5) + (-2 - 1). Suppose m*k = k + 42. Calculate the greatest common factor of f and k.
3
Let s(z) = -2*z**2 - 223*z + 1445. Let y be s(-117). What is the greatest common factor of y and 39658?
158
Let t(i) = 8*i - 1. Let c be t(5). Let d = 6441 - 6435. What is the greatest common factor of d and c?
3
Let p(w) = 6*w - 13. Let c = 41 + -33. Let n be p(c). Suppose m = 6*m - n. Calculate the greatest common divisor of 14 and m.
7
Suppose 8 = -2*g + 28. Suppose -4*v + 8 = -4*u, -3*v + 4*u - 4 = -g. Suppose 4*z + 4*i = z + 15, -z = 4*i - 5. What is the greatest common divisor of v and z?
1
Let b = -559 - -180. Let m = b + 449. Calculate the highest common factor of m and 84.
14
Let x = -533 - -542. What is the highest common factor of 258 and x?
3
Suppose 0 = 18593*d - 18583*d - 270. Calculate the greatest common factor of 2997 and d.
27
Let n be -1*342/27*(-3)/2. Let a = n - -55. Suppose 11*u - a - 289 = 0. Calculate the highest common factor of 165 and u.
33
Suppose -3*t - 79 = -304. Let v(i) = -1472*i + 15695. Let a be v(10). What is the greatest common factor of t and a?
75
Let m(c) be the third derivative of -c**5/30 - 5*c**4/4 - 31*c**3/3 + 2*c**2 - 10. Let i be m(-12). What is the highest common divisor of 970 and i?
10
Let j = -7266 + 7371. Calculate the highest common divisor of j and 267.
3
Suppose 14*p = -5*z + 8*p + 757, 4*z = -p + 617. Let t = -47 + 78. Calculate the highest common divisor of t and z.
31
Let d be (3 - 0)/(-1 - (-35)/20). Suppose -106 + 346 = d*l. Suppose -l = -7*f + 6*f. What is the greatest common divisor of f and 12?
12
Suppose 130*w - w - 36120 = 0. Calculate the highest common divisor of 1260 and w.
140
Let t be (-560)/21*(-1648 - 56). Calculate the highest common divisor of 20 and t.
20
Suppose 0 = -4*s + 115 + 1253. What is the greatest common divisor of s and 396?
18
Let i(p) = -2*p + 28. Let l = -34 + 18. Let d be i(l). Suppose -5*m = n - 0 - 378, 0 = -3*m + 4*n + 213. What is the highest common factor of m and d?
15
Let l be (1 - 34/(-9)) + (-6)/(-27). Suppose l*n - 144 = -4*n. Suppose -t - n + 23 = 0. Calculate the greatest common divisor of 14 and t.
7
Suppose 0 = -5*i + i + 68. Let y be -15*(-5 - -1667)/2. Let x be 2/7 + y/(-105). Calculate the greatest common divisor of x and i.
17
Suppose -3*p = -5*y - 24, 4*y - 8 + 32 = 4*p. Suppose -16*m = -p*b - 13*m + 27, -4*m - 26 = -3*b. Calculate the greatest common divisor of 2 and b.
2
Suppose -63*y + 4*p + 38449 = -58*y, -2*y + p + 15382 = 0. What is the highest common divisor of y and 98?
49
Let t be (-5 - 14) + 13 + 142. What is the greatest common factor of t and 272?
136
Let m be 85 + -78 + (17 - -1). Suppose 0 = -4*c + 2*t + 798, -5*c + 1219 = 3*t + 216. What is the greatest common factor of c and m?
25
Let d be 42/(-4)*(-384)/36. Suppose 3*a + 5*r = 326, 4*a - 11 - 462 = r. Let w = 131 - a. What is the highest common factor of w and d?
14
Suppose 12*l + 543 = 2023 + 1592. Calculate the greatest common factor of 2 and l.
2
Let g(c) = 3*c + 46. Let x(j) = 9*j**3 + 4*j**2 + 2*j - 1. Let f be x(-1). Let u be g(f). What is the highest common divisor of u and 176?
22
Let c = -25 + 58. Let m = -23 + c. Suppose m*h = 13*h - 60. Calculate the greatest common factor of h and 60.
20
Let f = 9417 - 7467. Calculate the greatest common factor of f and 1040.
130
Suppose -3755*f = -3786*f + 355508. What is the greatest common divisor of 188 and f?
188
Let s(m) = -24*m + 63. Let a be s(0). Suppose -5*v = -5*q - 535, -35 = -v - 2*q + a. What is the highest common factor of 20 and v?
4
Let u(z) = -z**2 - z + 189. Let f be u(0). Let q = 30 - -33. Calculate the greatest common factor of f and q.
63
Let h(c) = -148*c + 4787. Let q be h(32). Let z(o) = 63*o + 3. Let b be z(4). What is the highest common factor of q and b?
51
Suppose 3*c + 8052 = 14*c. Let n = c - 636. What is the greatest common divisor of n and 12?
12
Let s be 387 + 0/(1 + -1 + 1). Suppose -a + 6*a - 30 = 0. Let t be (a/(-4))/(33/(-946)). What is the greatest common factor of t and s?
43
Let f(d) = -13*d - 266. Let t be f(-24). Let v be ((-479)/(-14) + 18/63)*2. Calculate the greatest common divisor of t and v.
23
Let q = 621 - 615. Let z be (36/10)/((q - 4)/20). Calculate the highest common divisor of z and 16.
4
Let w = -7541 - -11981. What is the greatest common factor of w and 108?
12
Suppose 31 = 5*l - 54. Suppose -26*a + 604 = -280. What is the greatest common divisor of l and a?
17
Let x = -5128 - -5264. What is the greatest common factor of 216 and x?
8
Let x(s) = -s**3 + 24*s**2 + 318*s - 7550. Let p be x(24). What is the greatest common divisor of p and 27060?
82
Suppose 2*w - 40 = -3*g + 3*w, 24 = 3*g + 3*w. What is the greatest common divisor of g and 692?
4
Let o(i) = -i**3 + 10*i**2 + 14*i - 33. Let l be o(11). Suppose -2*s + x + 11 = l, -s + 2*s + 17 = 5*x. What is the greatest common factor of 20 and s?
4
Let c be (0 - 0) + 32 + 10/(-5). What is the highest common divisor of 11 and c?
1
Let j be (-16)/(-7)*1 + 28/(-98). Suppose 4*o = -j*q + 232, -o = -4*q + 5*q - 118. Let v = 82 + -58. What is the greatest common factor of q and v?
24
Let g(t) = -913*t + 23. Let k be g(-2). Suppose -363 + k = 5*h + x, 5*h = -4*x + 1489. Let r = -38 + 71. What is the highest common factor of h and r?
33
Let u(k) = -9*k + 3. Let j be u(-4). Suppose -1366 = -j*x - 118. Suppose 3*n - 16 = -4. What is the greatest common factor of x and n?
4
Let h = 25 + -25. Suppose h = 5*i + 4*k + 528 + 218, -i - 158 = 3*k. Let d = -71 - i. What is the highest common divisor of 25 and d?
25
Let k be 4/(-1)*1/(-4). Let h be k*60 + (-1 - -3). Suppose 2*d - h = -0*d. Calculate the highest common divisor of 341 and d.
3